{"id":951,"date":"2025-01-27T21:44:05","date_gmt":"2025-01-27T20:44:05","guid":{"rendered":"https:\/\/www.libertaereszentrum.dev.makeutopia.de\/?page_id=951"},"modified":"2025-01-27T21:46:17","modified_gmt":"2025-01-27T20:46:17","slug":"regelmaessige-veranstaltungen","status":"publish","type":"page","link":"https:\/\/www.libertaereszentrum.dev.makeutopia.de\/?page_id=951","title":{"rendered":"Regelm\u00e4\u00dfige Veranstaltungen"},"content":{"rendered":"\n<p><strong>Regelm\u00e4\u00dfige \u00f6ffentliche Termine in der Schwarzen Katze:<\/strong><\/p>\n\n\n\n<p>Montags 18:00 &#8211; 21:00 Uhr Libert\u00e4re Bibliothek<\/p>\n\n\n\n<p>Freitags 19:00 &#8211; 23:00 Uhr Libert\u00e4rer Kneipenabend mit veganer K\u00fcche<\/p>\n\n\n\n<ul class=\"wp-block-list\">\n<li>19:00 &#8211; 21:00 Uhr: Offenes Treffen zum gem\u00fctlichen Kennenlernen mit der <strong>Freien Arbeiter*innen Union Hamburg (FAU-IAA)<\/strong><\/li>\n\n\n\n<li>Jeden ersten Freitag <strong>Kollektiv-Kneipe<\/strong><\/li>\n\n\n\n<li>Jeden dritten Freitag <strong>BauFAU-Kneipe<\/strong><\/li>\n\n\n\n<li>Jeden f\u00fcnften Freitag <strong>Bibliothekskneipe<\/strong><\/li>\n<\/ul>\n","protected":false},"excerpt":{"rendered":"<p>Regelm\u00e4\u00dfige \u00f6ffentliche Termine in der Schwarzen Katze: Montags 18:00 &#8211; 21:00 Uhr Libert\u00e4re Bibliothek Freitags 19:00 &#8211; 23:00 Uhr Libert\u00e4rer Kneipenabend mit veganer K\u00fcche<\/p>\n","protected":false},"author":1,"featured_media":0,"parent":112,"menu_order":0,"comment_status":"closed","ping_status":"closed","template":"","meta":{"footnotes":""},"class_list":["post-951","page","type-page","status-publish","hentry"],"_links":{"self":[{"href":"https:\/\/www.libertaereszentrum.dev.makeutopia.de\/index.php?rest_route=\/wp\/v2\/pages\/951","targetHints":{"allow":["GET"]}}],"collection":[{"href":"https:\/\/www.libertaereszentrum.dev.makeutopia.de\/index.php?rest_route=\/wp\/v2\/pages"}],"about":[{"href":"https:\/\/www.libertaereszentrum.dev.makeutopia.de\/index.php?rest_route=\/wp\/v2\/types\/page"}],"author":[{"embeddable":true,"href":"https:\/\/www.libertaereszentrum.dev.makeutopia.de\/index.php?rest_route=\/wp\/v2\/users\/1"}],"replies":[{"embeddable":true,"href":"https:\/\/www.libertaereszentrum.dev.makeutopia.de\/index.php?rest_route=%2Fwp%2Fv2%2Fcomments&post=951"}],"version-history":[{"count":2,"href":"https:\/\/www.libertaereszentrum.dev.makeutopia.de\/index.php?rest_route=\/wp\/v2\/pages\/951\/revisions"}],"predecessor-version":[{"id":954,"href":"https:\/\/www.libertaereszentrum.dev.makeutopia.de\/index.php?rest_route=\/wp\/v2\/pages\/951\/revisions\/954"}],"up":[{"embeddable":true,"href":"https:\/\/www.libertaereszentrum.dev.makeutopia.de\/index.php?rest_route=\/wp\/v2\/pages\/112"}],"wp:attachment":[{"href":"https:\/\/www.libertaereszentrum.dev.makeutopia.de\/index.php?rest_route=%2Fwp%2Fv2%2Fmedia&parent=951"}],"curies":[{"name":"wp","href":"https:\/\/api.w.org\/{rel}","templated":true}]}}